 - 4 = 3*z. Suppose -4*k = 5*y - 25, -2*y = -7*k + z*k - 10. What is the tens digit of 29 - k - (-17 + 14)?
3
Let a(j) be the second derivative of j**4/12 - j**3/3 - 5*j**2/2 + 5*j. Let b be a(-3). What is the units digit of (-6)/b - (-1515)/25?
0
Let w(h) = h - 3. Let j(f) = f. Let c(s) = -5*j(s) - w(s). Let m be 2/(4/8*-1). What is the units digit of c(m)?
7
Suppose 15 = y + 2*y. Suppose v = -y, 0*c + 4*v = -c + 29. What is the tens digit of c?
4
Suppose -13*q + 20 = -9*q. Suppose 2*r - v = -2, 2*v - 4*v + q = -3*r. What is the units digit of r?
1
Let g = 862 + -411. Suppose 0 = 9*u + 2*u - g. What is the tens digit of u?
4
Suppose -84 = 3*h + 90. What is the units digit of -1 + (-2 - -1) - h?
6
Let l(h) = -h**3 - 8*h**2 + h + 10. Let x be l(-8). Let t be (x/6)/((-2)/(-18)). Suppose 301 = t*p + 109. What is the units digit of p?
4
Let x = -4 + 6. Suppose -4*r - 5 = -9*r + 3*q, -q + 25 = 5*r. Suppose r + x = s. What is the units digit of s?
6
Let n(w) = 845*w - 65. What is the tens digit of n(2)?
2
Let p = 130 - 80. Let l = p - 35. Let j = l - -3. What is the units digit of j?
8
Let b(w) = -24*w**2 - 1 - w**3 - 7 - 23*w + 27. What is the tens digit of b(-23)?
1
Suppose -6*r - 582 = -132. What is the units digit of (r/1)/(12/(-8)*1)?
0
Let s = 174 + 85. What is the tens digit of s?
5
Let o = 737 + -205. What is the tens digit of o?
3
What is the tens digit of 20*(4620/16)/11?
2
What is the tens digit of 0/1 - (-11 - -14) - -36?
3
Let j(u) = -u - 7. Let a be -5*(-1 - -3) - 2. Let h be j(a). What is the units digit of (-4 - -3)/(h/(-15))?
3
Suppose -q + 414 - 196 = 0. What is the tens digit of q?
1
Suppose 3*l + 8 = 4*x + 7*l, 5*l - 25 = 0. Let d = x - -8. Suppose -p + 2 = 2*j - 3, 25 = d*p + j. What is the units digit of p?
5
Let i(x) = -2*x - 6 + 0*x - 7 + 7*x. Let q be i(9). Suppose f + 0*f - q = 0. What is the tens digit of f?
3
Let r(p) = -7*p - 1. Let m be r(3). Let b be 6 + -4 - m/2. Let d = 27 - b. What is the tens digit of d?
1
Let l = -39 + 44. Let q = l + 17. What is the units digit of q?
2
Suppose -m + 1 = 6, 2*m = -o - 7. Let b be (o + 22/(-6))*-3. Suppose b*i + 12 = 5*i. What is the units digit of i?
4
Suppose -5 = s, -3*w - s + 5*s = -26. Let q(o) = o - 1. Let i(f) = -5*f - 2. Let a(v) = w*q(v) - i(v). What is the tens digit of a(4)?
2
Let k = -168 - -639. What is the tens digit of k?
7
Let m(v) = v**3 + 4*v**2 - 8*v - 7. Let j be 25 + -22 - (-1 - -9). What is the units digit of m(j)?
8
Let r be (-40)/6*72/16. Let m be (2/2)/((-15)/r). Suppose 0 = -2*h - m*i + 46, 0*i + 3 = h - 4*i. What is the tens digit of h?
1
Suppose 22 = s + 10. Let x = -9 + s. What is the units digit of x?
3
Let w be 6 + (-6 - -3) - 0. Suppose -w*m = -0*m - 4*f - 17, 4*m - 20 = 4*f. Suppose 0 = -m*k - 0*k + 90. What is the tens digit of k?
3
Let a(x) = -x**3 - 6*x**2 + 3*x - 14. Suppose -5*k + 3*w = 20, -5*k = -5*w + 28 + 2. Let l be (1 + 0)*7*k. What is the units digit of a(l)?
4
Suppose 3*n - 550 = -3*m + 131, m = 4*n - 908. What is the hundreds digit of n?
2
Suppose -4*h + 988 = 4*l, h + 0*l - 2*l = 253. Suppose 3*g + 51 = p + 4*g, -4*p = -5*g - h. What is the units digit of p?
6
Let u = 7 - 2. Suppose -h = -3*c + 2*h + 258, -u*h = -2*c + 169. What is the units digit of c?
7
Suppose -1 - 2 = -i. Suppose 2*o - 195 = -i*o. Suppose 0*z = 3*z - o. What is the tens digit of z?
1
Let v(r) = -40*r**3 - 2*r**2 - r + 1. What is the hundreds digit of v(-2)?
3
Let z(f) be the second derivative of f**5/20 + 2*f**4/3 - f**3 - 3*f**2/2 + 23*f. What is the tens digit of z(-7)?
8
Let u(m) = m**3 - 5*m**2 + 5*m - 4. Let a be u(2). Let w(j) = -j**3 - 2*j**2 + j + 21. What is the tens digit of w(a)?
5
Suppose -2*y - 33 = -c - 7*y, 60 = 3*c + 2*y. What is the tens digit of c?
1
Suppose -p - 26 = -3*q, 3*q - q - 2*p - 20 = 0. Let d be (-50940)/(-945) - 4/(-42). Suppose -q*v = -10*v + d. What is the units digit of v?
7
What is the hundreds digit of -3 + (24/(-72) - (-1336)/3)?
4
Suppose x = -2*f + 1714, -4*f + 2*x + 1250 = -2194. What is the units digit of f?
9
Let l = 34 + 32. Let k be (-10)/(-2 + 4 - 4). Suppose k*v + 6 = l. What is the units digit of v?
2
Suppose 9*g + 32 = p + 4*g, 3*g = -3*p + 96. Let w be (1 + -2)/((-2)/146). Let h = w - p. What is the units digit of h?
1
What is the tens digit of -6 - (-3 - 0/(-2)) - -226?
2
Suppose -422 = -2*o - 3*g, -4*o + 2*g = -3*o - 197. Suppose 5*q - q + o = p, -q = -4*p + 850. What is the hundreds digit of p?
2
Suppose 1 = -4*b + 9. Suppose 2*j + 0*a - b*a - 124 = 0, -3*a - 72 = -j. What is the units digit of j?
7
Suppose -3*q = -2*c - 7 + 1, 2*c = -2*q + 4. Suppose c = -2*o + 4. Suppose o*i = -4, 3*f + i - 36 = 64. What is the tens digit of f?
3
Let s(q) = q**3 - 11*q**2 - 13*q - 7. Let d be s(12). Let t = d + 142. What is the units digit of t?
3
Let g(u) be the first derivative of -101*u**4/2 - 2*u**3/3 - 5*u**2/2 - 4*u + 14. What is the hundreds digit of g(-1)?
2
Let h(n) = 29*n + 6. Let j(u) = -115*u - 25. Let k(c) = -9*h(c) - 2*j(c). What is the units digit of k(-2)?
8
Let f = 23 - -3. What is the tens digit of f?
2
Let i be (-162)/(-30) - 2/5. Suppose 0 = -i*h + 11 + 14. What is the units digit of h?
5
Suppose -4*f - n = -1592, -5*f + 2*f + 1209 = -3*n. What is the units digit of f?
9
What is the thousands digit of -7 + (11004/7 - 10)?
1
Suppose 3*y + 3*o - 8505 = 0, -6*y - o = -2*y - 11343. What is the tens digit of y?
3
Suppose -v + 5*u - u = -1550, 3*v = -2*u + 4622. What is the thousands digit of v?
1
Let w = -543 - -694. What is the tens digit of w?
5
Suppose l = -h + 1762, 5*l - 2*h + 1767 = 10570. What is the tens digit of l?
6
Let v(d) = d**3 - 15*d**2 - 20*d. Let g be v(16). Let a = g - -116. What is the units digit of a?
2
Let l = 755 + 262. What is the hundreds digit of l?
0
Suppose -4*x - 8*x = -516. Suppose -j + x = -51. What is the units digit of j?
4
Let g = 10 + -7. Suppose -8*x = -g*x + 100. What is the units digit of (x/(-6))/((-18)/(-135))?
5
Let o(l) = -26*l + 3. Let t be o(3). Let p = 108 + t. What is the tens digit of p?
3
Let x(n) be the second derivative of -3*n**3/2 + 4*n**2 + 3*n. What is the units digit of x(-3)?
5
Let r(v) = -54*v**3 - 4*v**2 + 6*v + 7. What is the tens digit of r(-3)?
1
Let r(b) = b**3 + 11*b**2 + 8*b - 16. Let i be r(-10). Suppose 841 = 3*c - 2*y, -2*c + 277 = -c - i*y. What is the hundreds digit of c?
2
Let d = 156 + 370. What is the tens digit of d?
2
Suppose -20 = -2*c - 3*c. What is the units digit of ((-6)/c)/(18/(-516))?
3
Suppose -l = 3*o + o - 654, -3*l - 2*o + 1972 = 0. What is the tens digit of l?
5
Let b = 78 - 76. Suppose 0*q + b*q - 178 = 3*c, -2*q + 186 = c. What is the units digit of q?
2
Suppose -2*o + 2*l - 3*l + 1538 = 0, 2*l - 8 = 0. What is the tens digit of o?
6
Suppose 0 = -w + 4*n + 1855, 2*w + 2*n = 3695 + 45. What is the units digit of w?
7
Let p(d) = 222*d + 17. What is the hundreds digit of p(3)?
6
Suppose -1162 = u - 3347. What is the thousands digit of u?
2
Let o(x) be the third derivative of -x**4/6 - x**3/6 + x**2. Let h be o(-1). Suppose 14 = -z + h*z. What is the units digit of z?
7
Suppose -2*q = -4*u + 72, 4*u + q + 2*q = 62. Suppose -651*l + 18 = -645*l. Suppose -173 = -l*a - u. What is the tens digit of a?
5
Let n(m) = -m**3 - 10*m**2 + 12*m + 14. Let d be n(-11). Suppose -191 = -d*f + 142. Let s = f + -42. What is the tens digit of s?
6
Let u be (-14)/(-4)*20/35*2. Suppose -u*q + 3036 = 8*q. What is the hundreds digit of q?
2
What is the tens digit of -6*((-9496)/24 - 1)?
8
Let d = 31 - 30. What is the units digit of (15/2)/(d/6)?
5
Suppose 0*g - 572 = -2*g. Let h = g - 188. What is the tens digit of h?
9
Let i be (-7*(-1)/14)/((-2)/1560). Let x = i + 655. What is the hundreds digit of x?
2
Let w = -142 - -236. What is the tens digit of w?
9
Suppose 16 = 4*w - 2*q - 2*q, -5*w + 20 = -q. Let n = w - 1. Suppose b + 11 = 2*z + 3, 0 = -z + n*b + 4. What is the units digit of z?
4
Suppose 2*i - 156 - 6 = 5*q, -3*i + 3*q + 243 = 0. Suppose 0 = -3*c + 108 + i. What is the tens digit of c?
6
Suppose 4 = -0*v + 2*v. Suppose -8 = -v*b + 2. Suppose 0*d = 4*d - 2*g - 42, 2*d - 33 = b*g. What is the units digit of d?
9
Let x = 4839 + -3050. What is the units digit of x?
9
Suppose 4*p + 4*n - 76 = 0, p + p - 35 = n. Let b = p - 27. What is the units